by 4/10 + 18/5?
1
Suppose 18*n - 206 = -26. Suppose 0*m + 20 = -5*m. Let x = n + m. What is the remainder when 10 is divided by x?
4
Let n(k) = -k**2. Let v be n(0). Calculate the remainder when 37 is divided by 0 - (v - (9 - -1)).
7
Let t = 63 - 30. Calculate the remainder when 129 is divided by t.
30
Let v(u) = -u**3 - 15*u**2 + 4. Calculate the remainder when 15 is divided by v(-15).
3
Let u = 173 + -122. Calculate the remainder when u is divided by 27.
24
Suppose 5*z + 44 = 3*d, -5*d + 5*z + 70 = -0*z. Suppose 0*p + 99 = 3*p. Suppose j + 8 = p. Calculate the remainder when j is divided by d.
12
Suppose -2*g + 4*r - 2 = 0, r + 40 = 3*g + 2*g. Suppose 0 = 2*k + 2*k + 4. Calculate the remainder when 23 - (-4)/(1 - k) is divided by g.
7
Let v(f) = -f**2 + 6*f - 5. Let r be v(5). Let n = 2 + r. Calculate the remainder when n is divided by 2.
0
Let t(r) = r**3 + 5*r**2 + 3. Let y be t(-5). Suppose -2*d + 61 = 5*n, -81 - 73 = -y*d + 5*n. What is the remainder when d is divided by 11?
10
Suppose -15*b = -16*b + 10. Suppose -11 = -d + 5*l - l, -5*l + 2 = 4*d. What is the remainder when b is divided by d?
1
Suppose -o = -61 + 27. What is the remainder when o is divided by 10?
4
Let s(k) be the third derivative of -1/12*k**6 + 0*k - 1/60*k**5 + 0*k**4 + 0 + 3*k**2 + 0*k**3. What is the remainder when 17 is divided by s(-1)?
8
Suppose -o - 2046 = 5*u + o, 2*o = -6. Calculate the remainder when (-12)/(-9) - u/18 is divided by 15 - (4*1)/2.
11
Suppose 3*a - 29 = 4*n, -6 = -a - n - 8. Let f = -5 - -16. What is the remainder when f is divided by a?
2
Suppose p = -2*p - 6. Let a = p - -9. What is the remainder when a is divided by 1/4 - 33/(-12)?
1
Suppose 0*y + 2*y + 4 = 0. Let s = y + 9. What is the remainder when (-2 + (-1)/(-3))*-12 is divided by s?
6
Suppose -5*o = 4*z - 1 + 11, -28 = 3*o - 2*z. Let q be (-228)/(-8) - o/4. Suppose 0*y = -3*y + q. What is the remainder when 37 is divided by y?
7
Suppose 16 = 4*a - 44. Suppose -5*o = -42 + 17. Suppose s + 3*t - 13 = -0*t, o*t = 5*s - 165. Calculate the remainder when s is divided by a.
13
Let c(g) = g**2 - 12*g - 17. Calculate the remainder when 52 is divided by c(14).
8
Let j be (-6)/2 + (22 - -1). Suppose 4*q + j = 2*q - 3*p, 3*p + 12 = 0. Let k = 25 - q. Calculate the remainder when k is divided by 16.
13
Let z = 11 - 19. Let q be (-2)/(-3)*(-5 - z). Suppose -f + 4 = 0, -4*w + q*f - 14 + 98 = 0. Calculate the remainder when 44 is divided by w.
21
Suppose 5*s + 2*x - 10 = 0, 3*s - 5*x = s + 4. Suppose 0 = 5*q - 7*c + 3*c + 6, -4*c = -4*q - 8. Calculate the remainder when s is divided by q.
0
Let h(r) = -r**3 - 9*r**2 - 9*r - 3. Let x be h(-8). Suppose q - x*f + 2 = 0, q = 3*f - 2 + 8. What is the remainder when 71 is divided by q?
17
Let j = 2 + 21. Let x be (-27)/(-3)*(-4)/(-12). Suppose -4*w + 5*f - 7 = -3*w, 2*f = x*w - 18. Calculate the remainder when j is divided by w.
7
Let s be 63 - (-1*4)/(-2). Suppose 5*z + 5*o - s = o, 52 = 4*z + 4*o. Suppose -z*i + 25 = -4*i. Calculate the remainder when i is divided by 3.
2
Let c(o) = -o**3 + 6*o**2 - 2*o - 7. Let g be -4 + -4 + 0/1. What is the remainder when (-9 - -13)*(-30)/g is divided by c(5)?
7
Suppose 0 = -h - 0*h - 5, -2*d + 3*h = -91. Suppose -3*i - l - 1652 = 0, 3*l - 2*l - 4 = 0. Calculate the remainder when d is divided by 2/7 + i/(-28).
18
What is the remainder when (2 - 5/3) + (-2770)/(-15) is divided by 47?
44
Suppose 4*b + 14 = v, -2*v - 4*b - b + 41 = 0. Let h(r) = -7*r. Calculate the remainder when ((-492)/v)/((-4)/6) is divided by h(-2).
13
Let u(s) = s**3 + 5*s**2 - s + 3*s + 5 - 2. Suppose -b + 4*v = -4 - 7, 2*b + 3*v = 77. Calculate the remainder when b is divided by u(-2).
9
Suppose 3*t = -3*d + 417, -7*d + 3*t = -12*d + 691. Calculate the remainder when d is divided by 28.
25
Suppose 2*s - 32 = -2*s. Suppose 5 = x - s. What is the remainder when 37 is divided by x?
11
Let j = 47 + -23. What is the remainder when j is divided by 18*(-1)/(6/(-3))?
6
Calculate the remainder when 2*(-1)/(((-12)/(-40))/(-3)) is divided by 7.
6
Let o(s) = 2*s**2 + 11*s - 2. Calculate the remainder when o(3) is divided by 6/2*26/6.
10
Calculate the remainder when (-15)/75 - (-452)/10 is divided by 16.
13
Let l(q) = -q**3 + 4*q**2 + 4*q - 1. Let t be l(5). Let d(w) = w**3 + 2*w**2 - 2*w + 1. Calculate the remainder when 17/2 + (-3)/t is divided by d(-2).
4
What is the remainder when 236 is divided by ((-2)/(-2) + -3)*(-71 + 41)?
56
Suppose 2*h - 350 = 46. Let p be h/(-2)*(-16)/12. Suppose p = 2*n + n. What is the remainder when n is divided by 23?
21
Calculate the remainder when -87*(-3)/9*1 is divided by 8.
5
Let a = -83 + 95. Suppose -4*k + 225 = k. Calculate the remainder when k is divided by a.
9
Suppose 2*f - p = 12, 3*p = -0*f + 4*f - 28. What is the remainder when 17 is divided by f?
1
Let o = -11 - -14. Suppose 5*u - 205 = 5*q + 170, 0 = u - o*q - 79. What is the remainder when u is divided by 15?
13
Let a(f) = -2*f + 4*f + 0 - 1. Let v be 2/7 + (-57)/(-21). Calculate the remainder when a(v) is divided by 3.
2
Suppose -4*l + 1 = -7. Let i(y) = 2*y**2 - 2*y - 2. What is the remainder when 2 is divided by i(l)?
0
Let f(s) be the second derivative of s**4/12 + 5*s**3/6 - 3*s**2/2 + 2*s. Let z be f(-6). Calculate the remainder when 4*((-9)/(-2))/z is divided by 4.
2
Calculate the remainder when 1788/36 - (-2)/6 is divided by 18.
14
Let x(y) = 5*y + 1. Suppose 0*j = -5*j. Suppose 3*r + j*r = 27. Calculate the remainder when x(5) is divided by r.
8
Let y(t) = 3*t**3 + 3*t**2 + t - 2. Let j be y(-2). Let v be (1 + -26 + -2)*1. Let x = j - v. Calculate the remainder when 21 is divided by x.
10
Let o = 24 - 3. What is the remainder when o is divided by 11?
10
Suppose 0 = -k - 1 + 2. Let h(u) be the first derivative of 2*u**3 + u**2/2 - u - 5. Calculate the remainder when 11 is divided by h(k).
5
Let u(a) = -12*a**3 - a**2 + 1. Let h be 6/(-6)*(-2 + 3). Suppose 2*y = -i + 74, 4*y + i - 2*i - 136 = 0. What is the remainder when y is divided by u(h)?
11
Suppose -z - 68 + 104 = 0. What is the remainder when z is divided by 15?
6
Suppose -z + 4 - 2 = 0. Calculate the remainder when 53 is divided by z/(-3) + (-336)/(-18).
17
Let r(k) = -k**3 + k**2. Let a be r(1). Suppose -32 = -j + 5*h - 10*h, a = -j - 3*h + 26. Calculate the remainder when 50 is divided by j.
16
Let u(x) = x**2 - 7*x - 6. What is the remainder when u(-4) is divided by 11?
5
Suppose -4*u = -8*u - 4*p + 144, -3*u - 5*p + 100 = 0. What is the remainder when u is divided by (2 - -1)/(1/7)?
19
Let y(j) = 7*j - 164. Let v(w) = w**3 + 6*w**2 + 3*w - 7. Calculate the remainder when y(25) is divided by v(-5).
2
Let y(d) = -d**2 - 13*d - 7. What is the remainder when y(-8) is divided by 17?
16
Suppose 3*z = z + 36. What is the remainder when (3*1)/((-16)/(-176)) is divided by z?
15
Let o = 13 - 9. Suppose 5*l + 3*r - 8 = o*l, r - 2 = 0. Calculate the remainder when 8/(-6)*(-4 + 1) is divided by l.
0
Suppose 2*v = m - 4, -2*v - 2*m = -4 - 4. Let s = v + 2. Let y = 8 - 4. What is the remainder when y is divided by s?
0
Suppose -3*z + 325 = -2*h, 2*z + 3*z - 563 = -2*h. What is the remainder when z is divided by 38?
35
Let j(o) be the first derivative of 2*o**3/3 + 8*o + 4. Calculate the remainder when j(-6) is divided by 27.
26
Suppose 2*c - 4*c + 32 = 2*m, -m = -3*c - 36. What is the remainder when m is divided by 11?
10
Let m = 84 - 55. Suppose 3*c + 45 = 4*g - 0*c, 0 = -3*c - 9. Let j = m - g. Calculate the remainder when j is divided by 11.
9
Let g = 51 - 29. Calculate the remainder when 86 is divided by g.
20
Let s(h) = -h**2 + 8*h - 9. Calculate the remainder when 7 is divided by s(6).
1
Let b be (-1)/2 - 70/(-4). Let o(y) = 4*y + 15. Let i be o(9). Let s = i - b. What is the remainder when s is divided by 9?
7
Suppose -2*s + 9 = -x - 20, 0 = s + 3*x - 32. What is the remainder when 66 is divided by s?
15
Suppose -3*x - 22 = -64. What is the remainder when 38 is divided by x?
10
Let r = -2 - -33. Suppose 5*h - j = 456, 109 = h - j + 17. What is the remainder when h is divided by r?
29
Let w = 0 + 3. Suppose -m = -0*m - 7. What is the remainder when 21 - (-2 + 9/w) is divided by m?
6
Calculate the remainder when (306/4 + 5)/((-1)/(-2)) is divided by 11.
9
Suppose -d + 4*p - 8 = -5*d, 3*p = -2*d + 